5990075 and 26.
13
What is the greatest common divisor of 19026 and 1106?
14
Calculate the greatest common factor of 131857 and 143.
11
Calculate the highest common factor of 348 and 298236.
348
Calculate the highest common divisor of 14 and 165634.
14
What is the greatest common divisor of 2 and 150956?
2
What is the highest common divisor of 213369 and 26?
13
What is the highest common divisor of 1 and 1091?
1
What is the greatest common divisor of 229 and 724327?
229
What is the highest common factor of 281 and 945284?
281
Calculate the greatest common factor of 84 and 4430.
2
Calculate the greatest common divisor of 993495 and 30.
15
Calculate the greatest common divisor of 20736 and 3168.
288
What is the highest common divisor of 158 and 262517?
79
Calculate the highest common factor of 158346 and 152.
38
What is the greatest common factor of 893884 and 43?
43
What is the greatest common factor of 254 and 65405?
127
Calculate the highest common divisor of 1084 and 1384268.
1084
What is the highest common factor of 1254099 and 231?
231
What is the greatest common divisor of 7524 and 751773?
627
What is the greatest common factor of 9291 and 171?
57
Calculate the greatest common factor of 955053 and 297.
99
Calculate the greatest common divisor of 26247 and 702.
39
Calculate the highest common factor of 209 and 248039.
11
Calculate the highest common factor of 2190 and 37595.
365
Calculate the highest common factor of 17195 and 855.
95
What is the greatest common factor of 63 and 6449121?
63
Calculate the greatest common divisor of 274 and 86858.
274
What is the highest common divisor of 1231420 and 460?
460
Calculate the highest common divisor of 8903 and 145.
29
Calculate the highest common divisor of 242 and 234542.
22
Calculate the highest common factor of 141 and 10481.
47
What is the highest common factor of 13833 and 1272?
159
What is the highest common factor of 934048 and 64?
32
Calculate the greatest common divisor of 275 and 1775.
25
Calculate the highest common divisor of 99 and 36300.
33
Calculate the greatest common factor of 3652 and 4814.
166
Calculate the highest common divisor of 144 and 191340.
36
What is the greatest common factor of 430098 and 582?
582
What is the highest common divisor of 802 and 8?
2
Calculate the highest common factor of 16 and 126512.
16
Calculate the highest common factor of 67243 and 55.
11
Calculate the greatest common divisor of 16224 and 6948.
12
Calculate the highest common divisor of 210970 and 3650.
730
Calculate the greatest common factor of 222 and 710548.
74
What is the highest common factor of 664 and 72?
8
What is the greatest common divisor of 710 and 2749475?
355
Calculate the highest common divisor of 104 and 64844.
52
What is the highest common factor of 375 and 29010?
15
What is the greatest common factor of 75417 and 69?
69
What is the highest common divisor of 5379 and 66?
33
Calculate the highest common factor of 140566 and 335.
67
What is the greatest common factor of 615944 and 34?
34
What is the highest common factor of 212970 and 31?
31
Calculate the greatest common divisor of 263280 and 105.
15
Calculate the greatest common divisor of 104 and 14586.
26
Calculate the greatest common divisor of 1240 and 55955.
155
Calculate the greatest common factor of 43179 and 333.
111
What is the highest common factor of 376013 and 11?
11
What is the highest common factor of 2010 and 6767?
67
What is the greatest common divisor of 30312 and 115775?
421
What is the highest common divisor of 2 and 1348546?
2
What is the greatest common factor of 23940 and 5355?
315
What is the highest common divisor of 1154413 and 26?
13
What is the greatest common divisor of 3720 and 54000?
120
What is the highest common factor of 29376 and 270?
54
What is the highest common factor of 504 and 391581?
9
What is the highest common divisor of 57 and 291840?
57
What is the greatest common factor of 137384 and 8?
8
Calculate the greatest common divisor of 128676 and 1596.
12
Calculate the greatest common factor of 3723473 and 13.
13
What is the highest common factor of 441 and 11172?
147
Calculate the highest common factor of 1370 and 215.
5
What is the highest common factor of 35328 and 97428?
276
What is the greatest common divisor of 3897 and 18?
9
Calculate the greatest common divisor of 14 and 348026.
14
What is the greatest common factor of 7982 and 26?
26
What is the greatest common factor of 12690 and 12?
6
What is the highest common divisor of 398 and 2528295?
199
What is the highest common divisor of 380 and 840370?
190
Calculate the highest common divisor of 8 and 1303748.
4
What is the highest common factor of 1674 and 1242?
54
What is the highest common divisor of 1890 and 8694?
378
Calculate the greatest common divisor of 2949804 and 4212.
1404
Calculate the greatest common divisor of 128392 and 66.
22
What is the greatest common factor of 2 and 1734?
2
What is the highest common divisor of 25 and 90000?
25
What is the highest common factor of 2814 and 644?
14
What is the highest common factor of 464 and 44776?
232
Calculate the highest common divisor of 245 and 90265.
35
What is the highest common divisor of 659 and 802003?
659
Calculate the greatest common divisor of 136 and 275179.
17
Calculate the highest common factor of 16214 and 1078.
22
Calculate the highest common factor of 62492 and 4624.
68
Calculate the highest common factor of 1305 and 150597.
261
Calculate the greatest common divisor of 90 and 163665.
45
What is the greatest common factor of 206511 and 171?
57
Calculate the highest common divisor of 450 and 327330.
90
What is the highest common factor of 174189 and 837?
93
Calculate the greatest common factor of 205808 and 1748.
76
Calculate the greatest common factor of 276 and 95964.
12
Calculate the greatest common divisor of 108859 and 92.
23
Calculate the highest common divisor of 26803 and 1225.
49
What is the greatest common factor of 32 and 696?
8
Calculate the highest common factor of 1424 and 2403.
89
Calculate the highest common factor of 14269 and 3004.
751
What is the highest common divisor of 84 and 210882?
42
Calculate the greatest common factor of 2020068 and 36.
36
What is the highest common factor of 146742 and 444?
222
Calculate the highest common divisor of 1010 and 10201.
101
Calculate the highest common divisor of 16943 and 2.
1
Calculate the highest common divisor of 11970 and 8721.
171
What is the greatest common divisor of 129 and 43559?
43
What is the greatest common divisor of 40 and 163610?
10
What is the highest common divisor of 22 and 438042?
22
What is the highest common divisor of 151036 and 32807?
619
What is the greatest common divisor of 1976 and 420264?
104
What is the greatest common factor of 2562304 and 1024?
256
Calculate the highest common factor of 27 and 5625.
9
Calculate the highest common divisor of 428 and 628946.
214
Calculate the highest common factor of 4914 and 40894.
14
What is the greatest common factor of 66 and 1242636?
6
Calculate the highest common factor of 8 and 2707724.
4
Calculate the highest common divisor of 31363 and 15089.
79
What is the highest common divisor of 40 and 497240?
40
What is the greatest common factor of 342567 and 261?
9
Calculate the highest common divisor of 242 and 11022.
22
Calculate the greatest common divisor of 41580 and 37730.
770
Calculate the highest common factor of 26527 and 47231.
647
What is the greatest common factor of 4325 and 2175?
25
What is the highest common divisor of 1881 and 39919?
209
Calculate the highest common factor of 15325 and 4025.
25
What is the greatest common divisor of 13299 and 34606?
143
Calculate the highest common divisor of 1665672 and 72.
24
Calculate the greatest common divisor of 192 and 21936.
48
Calculate the greatest common divisor of 354 and 2136.
6
What is the highest common factor of 2772 and 282942?
198
What is the highest common divisor of 81104 and 688?
16
What is the greatest common factor of 6556 and 206365?
149
What is the greatest common divisor of 1452 and 5734916?
484
Calculate the highest common factor of 56 and 2466744.
56
What is the greatest common factor of 19944192 and 768?
768
Calculate the highest common factor of 124 and 244590.
62
W